 -10) + -11)
-9
Evaluate 0 - (-8 + 5 + (5 - -2)).
-4
Evaluate -11 + (2 - 28) + 24.
-13
What is -10 + 0 - (-11 - 4 - (-77 - -56))?
-16
27 + -28 + 1 + 0 + -1 + -6
-7
Calculate 1 + -13 + 12 - 24 - -4.
-20
-10 - -9 - (-4 - -10)
-7
What is -3 - (5 - (-16 + 51) - -13)?
14
What is -10 + (-2 + (1 - -9) - 10 - -28)?
16
-4 - (-50 + 59 + -25)
12
Calculate 31 - 1 - (-4 - -20).
14
What is -14 + (-1 + -12 - -7 - -3)?
-17
What is (3 - (11 - -1)) + 5?
-4
(-1 - 5) + 8 + 27 + -8
21
What is the value of -34 - (-19 + (25 - 31))?
-9
Evaluate (7 - -8) + -9 - (-2 + (-1 - -22)).
-13
-1 - (-14 - (-36 - -12))
-11
What is 1 - (14 + -12 + (-10 - -5))?
4
-23 + 21 + -3 + -10
-15
Evaluate (1 - (3 - 27)) + (-295 - -285).
15
Calculate 9 + -1 + (-1 - 10 - (97 - 107)).
7
Evaluate -1 + (-10 + 12 - 2) + 1.
0
-8 + 10 + (-7 - (-3 - 3))
1
What is 3 + (-18 - (-13 + -7 + 12))?
-7
What is the value of (30 - -16) + -16 - 14?
16
(-8 - (14 - (-1 + 7) - 7)) + 7
-2
-13 - -1 - ((14 - 11) + -9)
-6
14 + -1 + -4 + -1 + 9 + -31
-14
What is (-1 - -31) + 86 + -110 - (7 + -1)?
0
Calculate (-28 - -36) + -2 + -3 + (-3 - -2).
2
What is the value of 11 - (12 + -1 + 5) - (11 - -1)?
-17
Calculate 8 - (-57 - -51 - (-9 + -2)).
3
-2 - (8 + -12) - (14 + 0)
-12
What is -4 - (8 + -18 + 9)?
-3
What is the value of 2 + -1 - -1 - (-4 - -3 - -13)?
-10
Calculate -29 - (13 + -15 + -16).
-11
Calculate -51 + 42 + -9 + 4.
-14
Calculate (-89 - -45) + 56 + -27.
-15
7 - (8 - (4 - -10)) - (-2 - -2)
13
What is -16 + (25 - 23) + 7?
-7
Calculate (-14 - -6 - 6) + 12 + -7 + 27.
18
(5 - (5 + -2) - 6) + -2 + 2
-4
What is the value of -15 + 24 - 4 - (0 + (24 - 4))?
-15
Calculate 3 - (-10 + 19 + -11 + (19 - 1)).
-13
-26 - (-2 - 28) - 14
-10
Evaluate (-9 - 4) + (4 - -4 - 11).
-16
Evaluate (1 - -13 - 0) + (351 - 352).
13
Evaluate -29 - (-2 + (-11 - 0 - -10) - -2).
-28
What is -28 - (12 - 48) - ((-1 - 1) + 5)?
5
Calculate 4 - (-1 + -7 + 32).
-20
What is -2 + -1 - (4 + 6) - (-7 - 2)?
-4
Calculate 5 + 10 + -2 + 1 + -10.
4
Calculate -14 + -46 + 38 + 29.
7
Calculate (8 - (-13 + 7)) + -8 + 4 + 9.
19
What is the value of (1 + -5 - (50 + -49)) + -3 - 10?
-18
What is 1 + -3 + (0 - -1) - (39 + -24)?
-16
Calculate 14 - (40 + -21 + -12).
7
(26 - (23 - -8)) + -21
-26
What is -4 + -8 + -1 + (-2 - -1)?
-14
Evaluate 0 - 1 - (-6 + 1 + (-23 - -21)).
6
Calculate -12 - (9 - 19 - 0).
-2
12 - (1 - (-4 - 4 - -7))
10
Evaluate 38 - (-27 - -61) - 6.
-2
-29 + 30 - (-2 + 25)
-22
-86 + 5 + 34 + (0 - (-8 - 0))
-39
What is the value of 5 - (-7 + 12 - -5)?
-5
Evaluate -12 + (14 - 8 - 1) - -7 - -13.
13
Calculate -15 + 2 + (0 + 5 - -19).
11
(14 - (6 - 4)) + 7 - 4
15
What is -6 - ((7 - 4) + 10) - -10?
-9
Calculate -3 + (-3 - 14 - -9) + 3 + 22.
14
Calculate (16 + -7 - 18) + 2 + 8.
1
Calculate 74 + -85 - (-3 - (-2 - (-1 - -1))).
-10
What is -1 + -6 - 12 - -29?
10
Evaluate -25 - ((-1 - -1) + -8 + -67 + 76).
-26
What is the value of (-14 - -12) + -2 + 9 + -21 + -1?
-17
Calculate 3 + 29 + 4 + -19.
17
What is the value of -2 + (1 - (2 + (6 + -4 - 1)))?
-4
59 - (77 + -10 + -22)
14
Evaluate (2 + 3 - 9 - -7) + 10.
13
Evaluate (11 - 9) + 0 + -6 - -3 - 10.
-11
Evaluate 3 - (16 - 23) - 13.
-3
What is (-1 - -1) + (11 + (2 - 5) - 0)?
8
Evaluate -13 + (3 - -26) + 18 + -12.
22
Calculate -4 + 3 + 11 - -11.
21
Calculate 3 + -19 + (-16 - -24).
-8
What is the value of -4 + (-17 - (-5 + 3)) + 2 + 7?
-10
What is 24 + -29 - (4 - 3 - -7)?
-13
Calculate 62 + 2 + -136 + 101.
29
Evaluate 6 + (7 + (-7 - -6) + -1 - 8).
3
Calculate -3 + -1 + -1 + 7 + -14.
-12
(-7 - -4) + -8 - (58 + -68)
-1
Evaluate 1 + -7 + (-824 - -823).
-7
Evaluate 9 + 3 - (-19 + 18 - -29).
-16
Calculate 27 + (16 - 16) - 12.
15
Calculate 1 + 26 + -13 + (-4 - -3) + 6.
19
What is the value of -73 + 88 + (4 + 1 + -1 - -1)?
20
Calculate 10 - 0 - (35 - -24 - 29).
-20
-7 + (4 + -8 - 1 - 2)
-14
What is -14 - ((17 - 7 - 19) + -15)?
10
What is the value of 1 + 11 + 12 + -10 + 11?
25
What is the value of 18 + 0 - 3 - (11 + -2)?
6
Calculate -3 + -17 - -44 - 10.
14
Calculate (-6 + -7 + 14 - 0) + 2 + -22.
-19
What is 0 - (3 + -1 - (3 + -15 + 15))?
1
Calculate -2 - (-7 - 2 - (-28 - -7) - -2).
-16
Evaluate -1 - -8 - (25 - (0 - -20)).
2
Calculate (-5 - -2 - 5) + 6.
-2
What is the value of -22 + 28 - (2 + -4)?
8
10 + (35 - 40) + (0 - 8) - 14
-17
What is -15 + -3 + 14 + -9 - (3 - 11)?
-5
-11 - (-4 + (-12 - -8)) - (0 - -2)
-5
-4 + 0 - 25 - -10
-19
What is 4 - (7 + -9 + -20 + 2 + -5)?
29
What is (-3 + -2 - -4) + (5 + 0 - 7)?
-3
What is -3 + (1 - 16) + 20?
2
What is -4 + -13 + 14 - 8?
-11
Calculate -4 + 2 - ((-34 - -11) + 13).
8
What is -9 + (20 + -17 - 9) + 2 + 41?
28
(-25 - -11) + -4 - -5
-13
Evaluate 2 + 6 + (4 - 4) + 20 + -13.
15
-20 + -3 + 1 + -2 - (74 + -81)
-17
What is (3 + 16 - -8) + 3 + (-2 - 11)?
17
Calculate 0 + -1 - (3 + -4 + 5 + 8).
-13
What is (54 - 73) + -6 + (-1 - 16)?
-42
Evaluate (5 - (19 - -2)) + 25.
9
Evaluate 5 + 7 - (77 - (-1 + 25)).
-41
What is the value of 500 + -502 + -1 + 2 - (-8 - 1)?
8
What is -45 + 16 + 46 + -24?
-7
What is (-31 - -11) + (-59 - -108)?
29
What is the value of -27 + (20 - (-22 + 43))?
-28
What is (52 + -28 - 21) + 13?
16
Calculate -14 + (-5 - 1 - (12 + 7 + -28)).
-11
Evaluate 2 + -12 + 3 - (-13 + -2 + -8).
16
What is (3 - (-2 + -2 - -4) - 8) + 18?
13
What is 30 + -19 - (-9 + 27)?
-7
Calculate -535 - -521 - ((2 - 1) + 2 + 3).
-20
Evaluate -4 - (-24 - (1 + -12)).
9
What is the value of 3 + 2 + 7 + (-1 - 4)?
7
Calculate 4 + (0 - (-3 + 4)) + (-16 - -22).
9
(5 - 0) + -14 + 19 + -9 + 11
12
15 + (64 - 107) - (2 + -1 - 2)
-27
Evaluate -1 + 18 + -12 - (5 + 2).
-2
What is the value of -3 + 4 + (6 + -5 - -4)?
6
-7 + -3 + 26 + (-3 - 19)
-6
What is the value of (-10 + 32 - 6) + (-2 - 0)?
14
What is the value of 20 + 0 + -542 + 515?
-7
Evaluate -418 + 426 + -1 + -17.
-10
(4 + 1 + -4 - -7) + -10 - 31
-33
4 + 8 + -13 + 1
0
What is -12 - ((17 - 15) + -31 + 6)?
11
4 - (-12 + 15 - (4 + -15 - 0))
-10
Evaluate 40 - 36 - (2 + -13 - (-7 - -4)).
12
-74 - -90 - (3 + 8 + 1)
4
7 + (-21 - -3 - -19)
8
1 - -8 - (28 + -62 + 47)
-4
Calculate (-22 - (-20 + 4)) + -32 + 12.
-26
Calculate (3 - -2) + (7 - -7) + -6.
13
What is the value of 20 + (2 - (13 + 0) - -13)?
22
20 - 41 - (13 - 37)
3
What is the value of (9 - (12 - -5)) + 24?
16
-15 - -1 - (24 + 1 - 31)
-8
(-7 - (0 - 17)) + (0 - (4 + -3))
9
What is (-1 - (-4 - -12)) + (35 - 44)?
-18
Evaluate (-7 - 5) + 25 + 1 + -25.
-11
What is the value of -19 + 33 + -9 - (5 - -2)?
-2
Calculate 40 + (-91 - -18) + -2 + (1 - 2).
-36
Calculate (11 + -4 - 7) + (5 - -8).
13
-747 - -741 - (-28 + -1)
23
What is 20 + 0 - 18 - 6?
-4
Calculate (43 - (125 - 41)) + (2 - 0 - -2).
-37
What is the value of 6 + (28 - 13) - 37?
-16
What is the value of -2 + (-8 + 12 + -3 - 7 - -6)?
-2
Calculate -12 + 4 - (1 - (0 - 1) - 2).
-8
What is the value of -23 + 29 - (1 + -1 + 21)?
-15
Calculate -13 + 14 + 5 - (20 - 1).
-13
What is the value of (-2 - (14 - -1)) + 17?
0
Evaluate 50 + -72 + -9 + (9 - -1).
-21
Calculate 12 - (66 + -70 + 1 + -6).
21
What is the value of -29 + (12 - 5 - (8 - 13))?
-17
39 + -10 + -25 + -13
-9
What is 4 + (-1 - -1) + 1 + 17 + -13?
9
What is (0 - 18) + (24 - 24) + (1 - 1)?
-18
What is 5 - (-12 - 10 - -8 - -42)?
-23
What is 0 + 0 + -12 + (23 - 91) + 74?
-6
Evaluate (183 - 187) + (-2 - -25).
19
Evaluate -4 - (7 - ((-2 - -13) + -1)).
-1
What is 35 + (23 - 37) - 7?
14
What is the value of 23 + -31 + -4 + 0 - -1?
-11
-5 - (-8 - 11 - -32)
-18
What is the value of 13 + (0 - (18 - 8))?
3
-5 - (-191 + 197 + (-4 - (1 - 0)))
-6
Calculate -15 + -22 + 46 + (0 - -13).
22
Calculate (-70 - (-19 - 20)) + 18.
-13
-15 + (3 - 3) + 1 + -11 + 17
-8
Evaluate (-14 - -1) + (-5 - 0).
-18
Calculate 10 - (-18 - -50 - (-3 + 5)).
-20
What is -4 - (0 - -1) - (-17 + (-2 - -18))?
-4
Calculate (0 + -1 - -5) + 7 + -24.
-13
Calculate -11 + -14 + 5 - -25.
5
-4 - (14 - (-1 - -12))
-7
Calculate -10 - ((4 - 2) + -9 - -1).
-4
Calculate 9 - 38 - (-16 - -1).
-14
3 + (-13 - -10) - 9
-9
Calculate 10 - 1 - ((-3 - 5) + 8 + 3).
6
Evaluate -5 - (-15 - (-31 + 0)) - 0.
-21
Evaluate 36 + -40 + (4 - (7 + -2)).
-5
What is 7 - (2 + -1) - (-767 + 764)?
9
-6 - -21 - (-17 - -26) - (41 - -1)
-36
What is the value of (13 - (3 - -1)) + (32 - 34) - 1?
6
-22 - -10 - -7 - -8 - 1
2
What is the value of 28 + (19 - 2 - 26)?
19
What is 4 - (-12 + 33 + -17 + (7 - 0)